nvert 202 (base 8) to base 5.
1010
Convert -1 (base 2) to base 3.
-1
24 (base 7) to base 12
16
25 (base 11) to base 3
1000
1e (base 15) to base 11
27
12 (base 7) to base 4
21
What is 20 (base 9) in base 5?
33
What is -131 (base 5) in base 10?
-41
Convert 20 (base 4) to base 11.
8
What is 16 (base 10) in base 8?
20
What is -11 (base 9) in base 11?
-a
Convert -26 (base 7) to base 15.
-15
What is -67 (base 11) in base 5?
-243
Convert 70 (base 14) to base 13.
77
330 (base 6) to base 14
90
What is 38 (base 15) in base 12?
45
-21 (base 6) to base 9
-14
Convert -121 (base 11) to base 16.
-90
Convert -42 (base 7) to base 12.
-26
Convert -30 (base 16) to base 11.
-44
What is -31 (base 5) in base 13?
-13
What is -2 (base 13) in base 4?
-2
What is -232 (base 7) in base 16?
-79
What is -11 (base 2) in base 16?
-3
What is -10 (base 3) in base 9?
-3
What is -186 (base 9) in base 2?
-10011111
What is -2 (base 9) in base 15?
-2
What is 243 (base 12) in base 16?
153
What is -3 (base 5) in base 16?
-3
What is -10 (base 3) in base 12?
-3
Convert 2 (base 7) to base 8.
2
Convert 1011 (base 4) to base 14.
4d
Convert 405 (base 7) to base 5.
1301
1 (base 10) to base 2
1
8 (base 15) to base 9
8
-b (base 12) to base 14
-b
What is -111000 (base 2) in base 12?
-48
Convert -14 (base 8) to base 5.
-22
Convert -9 (base 13) to base 5.
-14
What is 163 (base 12) in base 16?
db
Convert -1c (base 13) to base 10.
-25
-1010 (base 2) to base 4
-22
-34 (base 13) to base 9
-47
-20 (base 9) to base 6
-30
What is 92 (base 16) in base 2?
10010010
0 (base 7) to base 15
0
Convert 51 (base 6) to base 8.
37
3 (base 12) to base 16
3
1012 (base 3) to base 14
24
Convert -10 (base 4) to base 12.
-4
Convert 30 (base 9) to base 3.
1000
What is -21212 (base 3) in base 13?
-134
What is -32 (base 13) in base 14?
-2d
Convert 1 (base 5) to base 3.
1
130 (base 5) to base 3
1111
Convert -6a (base 16) to base 2.
-1101010
Convert -13 (base 6) to base 7.
-12
Convert 100000011 (base 2) to base 8.
403
Convert 0 (base 5) to base 11.
0
Convert 2 (base 4) to base 15.
2
2110 (base 3) to base 14
4a
What is 1000011 (base 2) in base 7?
124
Convert 100120 (base 3) to base 2.
100000010
What is -3 (base 6) in base 11?
-3
What is 200 (base 3) in base 4?
102
What is -33 (base 6) in base 7?
-30
What is 63 (base 9) in base 11?
52
Convert -79 (base 11) to base 14.
-62
Convert 11 (base 6) to base 4.
13
Convert -100 (base 3) to base 2.
-1001
What is -1b0 (base 12) in base 9?
-336
Convert 4 (base 15) to base 6.
4
12 (base 5) to base 13
7
Convert -3 (base 14) to base 10.
-3
-1 (base 8) to base 3
-1
What is -6 (base 14) in base 2?
-110
What is -7 (base 8) in base 16?
-7
What is -3 (base 13) in base 9?
-3
-25 (base 11) to base 5
-102
31 (base 5) to base 10
16
What is -1 (base 2) in base 13?
-1
-102 (base 6) to base 14
-2a
Convert -213 (base 6) to base 11.
-74
What is -45 (base 8) in base 3?
-1101
What is -17 (base 9) in base 2?
-10000
What is 6 (base 11) in base 7?
6
0 (base 8) to base 6
0
What is 13 (base 7) in base 6?
14
What is 3 (base 8) in base 10?
3
Convert -45 (base 8) to base 3.
-1101
1 (base 5) to base 4
1
-23 (base 4) to base 15
-b
0 (base 5) to base 2
0
What is -32 (base 4) in base 15?
-e
aa (base 11) to base 14
88
Convert -10000 (base 3) to base 8.
-121
What is -2 (base 3) in base 16?
-2
7 (base 9) to base 12
7
What is 1 (base 14) in base 10?
1
What is 110 (base 4) in base 15?
15
What is 6 (base 13) in base 7?
6
What is 4 (base 12) in base 15?
4
Convert 101 (base 12) to base 6.
401
110 (base 2) to base 15
6
Convert -1100 (base 2) to base 12.
-10
Convert -1 (base 2) to base 16.
-1
Convert a (base 12) to base 11.
a
Convert -29 (base 12) to base 5.
-113
Convert 10 (base 3) to base 7.
3
Convert -1000100 (base 2) to base 14.
-4c
Convert -1001001 (base 2) to base 5.
-243
1b4 (base 12) to base 2
100011000
-4 (base 15) to base 11
-4
What is -24 (base 6) in base 14?
-12
What is -183 (base 12) in base 16?
-f3
Convert 0 (base 12) to base 2.
0
Convert 1444 (base 5) to base 9.
306
-421 (base 7) to base 9
-254
2 (base 15) to base 9
2
What is -8 (base 12) in base 16?
-8
Convert -1122 (base 3) to base 15.
-2e
What is -3 (base 11) in base 4?
-3
2 (base 9) to base 16
2
Convert -45 (base 6) to base 2.
-11101
What is 108 (base 16) in base 10?
264
What is a (base 12) in base 10?
10
What is -11 (base 8) in base 10?
-9
What is 100 (base 2) in base 16?
4
Convert -1011 (base 2) to base 3.
-102
What is -4 (base 5) in base 6?
-4
-3 (base 16) to base 13
-3
-2 (base 7) to base 6
-2
Convert 36 (base 7) to base 13.
21
What is -1 (base 3) in base 6?
-1
19 (base 10) to base 9
21
Convert -34 (base 10) to base 7.
-46
What is -c9 (base 16) in base 10?
-201
-1011 (base 3) to base 15
-21
What is 56 (base 9) in base 2?
110011
What is -3c (base 13) in base 16?
-33
1 (base 4) to base 2
1
Convert 1 (base 9) to base 3.
1
What is 65 (base 10) in base 8?
101
13 (base 7) to base 11
a
-2 (base 5) to base 10
-2
What is 31 (base 9) in base 12?
24
10 (base 8) to base 6
12
3 (base 10) to base 15
3
Convert 15 (base 8) to base 14.
d
21 (base 4) to base 10
9
0 (base 8) to base 6
0
What is 14 (base 7) in base 16?
b
Convert 10 (base 2) to base 12.
2
Convert -31 (base 4) to base 11.
-12
What is -3 (base 6) in base 3?
-10
Convert 2 (base 7) to base 15.
2
Convert -1 (base 15) to base 12.
-1
-100 (base 13) to base 12
-121
a (base 13) to base 3
101
35 (base 9) to base 2
100000
Convert 70 (base 9) to base 2.
111111
What is 11 (base 6) in base 12?
7
Convert 100 (base 2) to base 13.
4
Convert 2 (base 8) to base 4.
2
42 (base 6) to base 12
22
What is 4 (base 15) in base 8?
4
What is -33 (base 5) in base 2?
-10010
Convert -3 (base 13) to base 10.
-3
Convert -1 (base 10) to base 16.
-1
Convert 7 (base 11) to base 2.
111
What is 12 (base 14) in base 9?
17
Convert -21 (base 7) to base 6.
-23
Convert c9 (base 14) to base 4.
2301
-4 (base 5) to base 2
-100
-8 (base 12) to base 15
-8
Convert -127 (base 11) to base 12.
-106
Convert 6 (base 14) to base 16.
6
Convert 8 (base 15) to base 13.
8
What is 102 (base 5) in base 7?
36
What is -145 (base 7) in base 3?
-10001
What is 1 (base 9) in base 11?
1
2 (base 3) to base 10
2
Convert -313 (base 5) to base 10.
-83
Convert 9 (base 11) to base 5.
14
Convert -c (base 16) to base 6.
-20
What is 10001111 (base 2) in base 3?
12022
What is 31 (base 8) in base 3?
221
Convert -156 (base 7) to base 8.
-132
2202 (base 3) to base 6
202
What is -101 (base 7) in base 4?
-302
What is 1 (base 4) in base 5?
1
Convert 1011010 (base 2) to base 5.
330
What is 2032 (base 4) in base 12?
ba
-3 (base 10) to base 12
-3
Convert -32 (base 6) to base 4.
-110
Convert -3 (base 6) to base 9.
-3
69 (base 12) to base 2
1010001
23 (base 6) to base 7
21
Convert -4 (base 7) to base 13.
-4
What is c (base 16) in base 4?
30
Convert -8 (base 10) to base 3.
-22
Convert 13a (base 13) to base 15.
e8
Convert 35 (base 7) to base 13.
20
-1 (base 5) to base 3
-1
Convert -20002 (base 3) to base 5.
-1124
What is -7 (base 11) in base 5?
-12
Convert 0 (base 12) to base 14.
0
What is -5 (base 12) in base 5?
-10
Convert 3 (base 12) to base 8.
3
Convert 3 (base 8) to base 9.
3
Convert -10 (base 2) to base 13.
-2
-1 (base 8) to base 6
-1
What is -8 (base 11) in base 7?
-11
What is -1001 (base 2) in base 8?
-11
What is 5 (base 15) in base 14?
5
What is 63 (base 14) in base 13?
69
What is -13 (base 10) in base 14?
-d
Convert 50 (base 16) to base 5.
310
Convert 62 (base 9) to base 13.
44
Convert -12 (base 9) to base 12.
-b
What is -2 (base 15) in base 16?
-2
Convert -a4 (base 13) to base 6.
-342
Convert -105 (base 10) to base 4.
-1221
Convert 133 (base 4) to base 16.
1f
Convert -10 (base 10) to base 11.
-a
What is -10 (base 6) in base 15?
-6
-20 (base 3) to base 16
-6
Convert 8 (base 12) to base 8.
10
What is 5 (base 10) in base 15?
5
What is 1 (base 12) in base 16?
1
What is -47 (base 15) in base 13?
-52
Convert -10010 (base 3) to base 14.
-60
What is 11 (base 9) in base 11?
a
Convert -5 (base 8) to base 9.
-5
Convert -2 (base 9) to base 16.
-2
41 (base 7) to base 8
35
47 (base 16) to base 13
56
Convert 22 (base 10) to base 6.
34
1d (base 16) to base 13
23
-10110 (base 2) to base 16
-16
Convert 100 (base 2) to base 11.
4
What is 1014 (base 6) in base 2?
11100010
Convert 10 (base 3) to base 7.
3
